.
-4
Let f(j) = j**2 + 7*j - 2. Let y(c) = -c**2 - 2*c + 9. Let s be y(-5). What is f(s)?
-8
Let q(o) = -o + 4*o - 6*o. What is q(4)?
-12
Let t be 4/(-10) + (-6)/(-15). Let h = t - 0. Let g be (-1 + -1)*(-1 - h). Let x(u) = -3*u - 1. What is x(g)?
-7
Let o(w) = w - 3. Suppose 3*v = 2*v - 1. Let i be (1 + (-1 - v))*2. Give o(i).
-1
Let f be 72/42 - (-2)/7. Suppose -5*z - 2 = 4*b, -f = b + 1. Let r(q) = -4 + 4*q - 4*q - q**z. Give r(0).
-4
Suppose -25*o = -21*o - 12. Let a(y) be the third derivative of y**6/120 - y**5/15 + y**4/24 - 4*y**2. Give a(o).
-6
Let b(m) = -5*m**2 - m. Suppose 0 = -3*f - 3 - 0. Give b(f).
-4
Let k(q) = q**2 - 3*q - 8. Let l be k(5). Let z(r) = 3*r**2 + r**3 - 2*r**3 - 4*r + 6 - 3 + 0*r**3. Give z(l).
-1
Let n(i) = -i + 1. Let g(y) = -5*y + 10. Let s = 7 - 13. Suppose 0 = 5*l - 7 + 2. Let r(a) = l*g(a) + s*n(a). Give r(-5).
-1
Let q(m) = m + 7. Let a(b) = -b - 7. Let v be a(-11). Let j(f) = f**3 - 5*f**2 + 4*f - 3. Let i be j(v). Give q(i).
4
Let i(k) = -2*k - 5. Let d(l) = -1. Let y(f) = 4*d(f) - i(f). What is y(-4)?
-7
Let i(s) be the third derivative of -5*s**4/24 + s**3/6 + 5*s**2. Give i(-2).
11
Let m(a) = -a**3 - 4*a**2 - 2*a. Suppose 3*y - 2*w + 14 = 0, 3*w + 3 - 10 = y. What is m(y)?
8
Let l(t) = -t + 6. Let r(f) = 2*f - 9. Let z be r(6). Suppose 5*g + z*q = 32, 0*g - 2*q = -2*g + 16. Give l(g).
-1
Suppose -4 = 3*c - 10. Let m(u) = u**3 - 1 - 7*u**2 + 6*u**2 - u - c. Let j be m(0). Let a(g) = 2*g - 3. Determine a(j).
-9
Let i(v) = 3*v**2 - v + 2. Let d(b) = -b**3 - 2*b**2 + 8*b + 2. Let o be d(-4). Give i(o).
12
Let l(v) = v**3 - v**2 + 1. Let n be l(2). Suppose -3*z = -3 - 0, 3*z + 12 = n*x. Let w = 2 + x. Let f(k) = k**2 - 4*k - 4. Give f(w).
1
Let u be ((-4)/(-6))/(1/3). Let r(c) = -3*c + 1. Let n(y) = 16*y - 5. Let i(f) = -2*n(f) - 11*r(f). Determine i(u).
1
Let z = 71 + -67. Let n(l) = 7*l + 3. Give n(z).
31
Let v(i) be the first derivative of 5 + 1/4*i**4 + 7/3*i**3 + 4*i**2 + 6*i. Determine v(-6).
-6
Suppose 4*q - 4 = 2*q. Let o(t) = -4*t + 2. What is o(q)?
-6
Let h = 72 + -72. Let r(s) be the second derivative of -5/6*s**3 - 2*s - 1/2*s**2 + h + 1/12*s**4. Determine r(4).
-5
Let p be (-36)/(-10) + 2/5. Suppose -p*l - 42 + 18 = 0. Let s(y) = y + 1. Give s(l).
-5
Let l(a) be the third derivative of a**6/120 - a**5/30 - a**4/24 + a**3/6 + 113*a**2. Suppose 5 + 4 = 3*o. What is l(o)?
7
Let a(i) be the second derivative of -i**6/120 - i**5/60 + i**4/24 + 3*i**2/2 - i. Let c(h) be the first derivative of a(h). What is c(-2)?
2
Let o be 0 + -1 + 8 + -6. Let i(w) = -3 - 3 - w + 7. Calculate i(o).
0
Let x(d) = -2*d + 11. Let l(j) = -j**2 - 8*j + 8. Let m be l(-8). Calculate x(m).
-5
Let w(v) = 2*v**2 + 1 - 6*v**2 + v**2. Let b(l) = -l**3 + l**2 - l + 1. Let s be b(0). Determine w(s).
-2
Let v be ((-2)/4)/((-2)/24). Let p(s) = -2*s + 8. Let m be p(v). Let r(t) be the third derivative of -t**4/24 + 5*t**3/6 - t**2. Give r(m).
9
Suppose 0 = t - o + 1, -o = 3*t + 4 + 3. Let y(b) be the third derivative of 0 + 2*b**2 + 0*b - 1/3*b**3 - 1/8*b**4. Give y(t).
4
Suppose 3*x = 5*x - 8. Suppose 2*f + 0 = x. Let a be ((-4)/(-4))/(f/(-4)). Let w(b) = -3*b**2 - 2*b + 2. Calculate w(a).
-6
Let a(t) be the second derivative of t**4/12 + 5*t**3/6 - t**2/2 - 4*t. Suppose 3*h + 34 = -2*h - y, 44 = -4*h - 5*y. Determine a(h).
5
Let a(x) = x**2 + 5*x - 7. Suppose r - 12 = -p, -36 = 2*p - 5*p + r. Suppose 0*t + p = -2*t. Give a(t).
-1
Let s(n) = 4*n. Let p be (21/(-12))/((-2)/(-8)). Let i = p + 6. What is s(i)?
-4
Suppose 0 = r - 3*r. Suppose r = -i - 2 + 4. Let a(t) = -t - 2*t**i + 3*t**2 - 6*t - 2 + 2*t. What is a(5)?
-2
Let o(x) = 4*x**2 - 5 - 5*x**2 + 0*x**2. Let n be (9/3)/((-6)/(-4)). Let c(w) = w**3 - w**2 - w - 2. Let j be c(n). Give o(j).
-5
Let i = 12 + -8. Suppose w + 0*s - 8 = -2*s, i*w - 8 = 4*s. Suppose 0*m = -w*m. Let h(o) = o**2 + o - 6. What is h(m)?
-6
Let w(k) = -k**3 - 5*k**2 - k - 2. Let o(l) = l**2 - 10*l + 20. Let f be o(5). Calculate w(f).
3
Let v(b) = b**2 - b - 3. Suppose 0 = 4*n + 4*c + 20, -3 - 16 = 2*n - c. Suppose 6*s + 5 = 5*x + s, -3*s - 15 = 0. Let a be (-6)/n + (-13)/x. Determine v(a).
9
Let h(q) = -q**2 + 8*q - 5. Let w be h(7). Suppose g + 3 = -w. Let z(k) = -k**3 - 4*k**2 + 5*k - 3. Give z(g).
-3
Let j(p) be the first derivative of -5*p**3/3 - 20. What is j(1)?
-5
Let s(t) = 15*t - 9*t + 3 - 1. What is s(-2)?
-10
Let w(n) = -n**3 + n**2 + n - 1. Let b(l) = -l**3 + 2*l**2 - 1. Suppose 3*r - 7*r + 8 = 0. Let u(j) = r*w(j) - b(j). Determine u(-2).
3
Let w(x) = -6*x**2 - x - 1. Let g = -27 + 28. Let z(u) = u**2 - 8*u + 7. Let a be z(7). Let h = a - g. Calculate w(h).
-6
Let r(j) = -j**3 - j - 2. Suppose 4*p - 2*p + 4 = 0. Give r(p).
8
Let b(w) = -37 + 0*w**2 - 2*w**2 + 17 - w + 3*w**2. Give b(0).
-20
Let p(s) be the second derivative of -s**5/120 - s**4/24 + s**3/6 + 3*s. Let o(y) be the second derivative of p(y). Calculate o(-4).
3
Let t(d) = d**3 + 5*d**2 - 4*d + 8. Let r be t(-6). Let v be -1 - 0 - (-11 - r). Let p(j) = j - 12. Give p(v).
-6
Let r(o) = -2*o**2 - o. Let p(l) = l**3 + 7*l**2 - 9*l - 10. Let w be p(-8). Determine r(w).
-6
Let s(l) = -2*l - 6. Let n be (-4)/(-4 + 3) + -8. Calculate s(n).
2
Let p(k) be the second derivative of -7*k**3/6 + 3*k**2/2 + 18*k - 1. Determine p(3).
-18
Let a(j) = -2*j**3 + j**2 + 3*j - 3. Let i(h) = -h**3 - h**2 + h - 1. Let z(d) = a(d) - i(d). What is z(3)?
-5
Let b(z) = -z**3 + 2*z - 1. Let a = -4 + 2. Determine b(a).
3
Let h = -2 + -3. Let b(k) = 3*k**3 - 10*k**2 - k - 6. Let x(q) = q**3 - q**2 + q - 1. Let g(d) = -b(d) + 4*x(d). Give g(h).
2
Let q(g) = g**3 + 3*g**2 + 2*g + 2. Suppose 0 = -4*j - 4*h - 16, -h + 14 = -j - 0*j. Let l = j - -18. Suppose r + l = -2*r. What is q(r)?
-4
Let v(d) = 15*d + 7. Let k(t) = -t - 1. Let f(c) = 6*k(c) + v(c). Let b(r) = 14*r + 1. Let n(y) = -5*b(y) + 8*f(y). What is n(-3)?
-3
Let g(d) = d**3 - 4*d**2 - d. Let n be g(4). Let q(r) = -r. Give q(n).
4
Let i(n) = 4*n**3 - n**2 + 4*n + 4. Let s(b) = 11*b**3 - 2*b**2 + 11*b + 11. Let r(t) = 8*i(t) - 3*s(t). Determine r(-2).
1
Let n(q) be the third derivative of q**5/60 + 3*q**4/8 + 3*q**3/2 + 2*q**2 + 27. Calculate n(-8).
1
Let r(d) be the third derivative of -d**5/30 - 40*d**2. What is r(2)?
-8
Let m be ((-6)/2)/(1 - 2). Let k = 0 - -2. Let u(v) = v + k - v**m + 10*v**2 - 1 - 9*v**2. Give u(2).
-1
Let m be ((-4)/7)/((-6)/21). Let b(l) = 3*l + l + l - m. Give b(-2).
-12
Let z(t) = t**2 - 6*t + 5. Let p(q) = -q**2 - q + 6. Let s be p(0). Determine z(s).
5
Let w(a) = -a**3 - a**2 - 3*a + 2. Suppose -5*z = -5*t - 2*z + 10, 5*t = z + 10. Calculate w(t).
-16
Let n(a) be the second derivative of -a**4/6 + 2*a**3/3 - a**2/2 + 14*a. Calculate n(4).
-17
Suppose 0 = w + 2 - 5. Let h(q) = -q - w*q + 3*q. Give h(2).
-2
Let k(z) be the second derivative of -z**4/24 - z**3/3 - z**2/2 - z. Let h(m) be the first derivative of k(m). Give h(-4).
2
Let p(h) = 5*h + 3. Let a(l) = l**2 + 14*l + 8. Let i(g) = -4*a(g) + 11*p(g). Calculate i(1).
-4
Let k(j) = -4*j**3 - 7*j**2 + 2. Let g(i) = -i**3 - i**2 + i. Let u(d) = -3*g(d) + k(d). Let l(r) = r - 9. Let v be l(6). What is u(v)?
2
Suppose -5*h = h. Let c(b) = -b + 1. Calculate c(h).
1
Let h(c) = 4*c + 1. Let d(f) = -f**2 - f. Let v(z) = 2*d(z) + h(z). What is v(-3)?
-23
Suppose 3*v + 0 = -6, -3*v = -3*j. Let d(h) = 4*h - 1. Determine d(j).
-9
Let b(o) = 8 + 418*o - 209*o - 210*o - 3. Let i be (1 + 4)*(-1 - -2). Calculate b(i).
0
Let l(i) = -i - 3. Let g = 7 - 5. Suppose -o - g = -6. Suppose 2*y + o = -4. Give l(y).
1
Let j(n) be the second derivative of 0 + 0*n**2 + 1/12*n**4 - n + 1/2*n**3. Suppose 5*z + 2*g = -19 + 6, 2*z + g + 5 = 0. Determine j(z).
0
Let r(p) = -p**3 - 7*p**2 + 6*p - 4. Let q(l) = -2*l**3 + 1. Let o(i) = q(i) - r(i). Let v = -14 + 20. Give o(v).
5
Let z = -10 - -6. Let k(g) = g - 10. Let n = 4 + 3. Let h(i) = i - 15. Let o(b) = n*k(b) - 5*h(b). Calculate o(z).
-3
Let y be (-90)/(-14) - 48/(-84). Let l be 3*y/(84/(-16)). Let m(q) = -3*q - 5. Let k(z) = -6*z - 10. Let w(j) = 4*k(j) - 9*m(j). Calculate w(l).
-7
Suppose -3*k + 13 = -k + r, -3*k + 2*r = -16. Let i(h) = h**2 - 7*h - 1. Calculate i(k).
-7
Let a(g) be the third derivative of g**5/60 - g**4/6 - 5*g**3/6 + g**2. Suppose 49 = -5*s - 51. Let u be 6/(-2)*s/15. Determine 